ns digit of 3167719?
1
What is the hundred thousands digit of 16305296?
3
What is the tens digit of 5230514?
1
What is the hundreds digit of 123778?
7
What is the ten thousands digit of 133046?
3
What is the tens digit of 241648?
4
What is the hundred thousands digit of 284669?
2
What is the hundreds digit of 5374760?
7
What is the hundred thousands digit of 450275?
4
What is the thousands digit of 27903?
7
What is the thousands digit of 76277?
6
What is the units digit of 3845767?
7
What is the hundred thousands digit of 682794?
6
What is the tens digit of 240019?
1
What is the hundreds digit of 894548?
5
What is the thousands digit of 935358?
5
What is the tens digit of 385250?
5
What is the units digit of 312599?
9
What is the hundreds digit of 1793344?
3
What is the hundreds digit of 27130609?
6
What is the millions digit of 7975149?
7
What is the millions digit of 3258768?
3
What is the thousands digit of 289163?
9
What is the ten thousands digit of 173037?
7
What is the units digit of 421543?
3
What is the units digit of 237107?
7
What is the hundreds digit of 530787?
7
What is the units digit of 175622?
2
What is the hundred thousands digit of 4108593?
1
What is the hundred thousands digit of 1530204?
5
What is the units digit of 2141420?
0
What is the tens digit of 4951598?
9
What is the units digit of 1270853?
3
What is the hundred thousands digit of 10452430?
4
What is the units digit of 6323?
3
What is the thousands digit of 35232170?
2
What is the units digit of 247658?
8
What is the tens digit of 35119973?
7
What is the hundred thousands digit of 16224076?
2
What is the ten millions digit of 23031836?
2
What is the hundred thousands digit of 240283?
2
What is the hundred thousands digit of 336033?
3
What is the units digit of 1643353?
3
What is the ten thousands digit of 45365?
4
What is the millions digit of 4132215?
4
What is the tens digit of 487594?
9
What is the hundred thousands digit of 400332?
4
What is the thousands digit of 37015?
7
What is the tens digit of 4610?
1
What is the tens digit of 6249594?
9
What is the thousands digit of 232320?
2
What is the ten thousands digit of 15626811?
2
What is the tens digit of 2161600?
0
What is the thousands digit of 457169?
7
What is the ten thousands digit of 8986734?
8
What is the millions digit of 1680863?
1
What is the hundred thousands digit of 238361?
2
What is the thousands digit of 257426?
7
What is the thousands digit of 556022?
6
What is the tens digit of 222683?
8
What is the hundred thousands digit of 358719?
3
What is the ten thousands digit of 115687?
1
What is the hundreds digit of 2907379?
3
What is the tens digit of 2642320?
2
What is the units digit of 75317?
7
What is the units digit of 407244?
4
What is the hundred thousands digit of 1251571?
2
What is the tens digit of 548898?
9
What is the hundreds digit of 13549487?
4
What is the tens digit of 27309741?
4
What is the hundred thousands digit of 152669?
1
What is the millions digit of 2018759?
2
What is the hundred thousands digit of 133290?
1
What is the ten thousands digit of 421855?
2
What is the hundred thousands digit of 696982?
6
What is the hundreds digit of 2964357?
3
What is the ten millions digit of 14301093?
1
What is the ten thousands digit of 957526?
5
What is the ten thousands digit of 168061?
6
What is the units digit of 2511041?
1
What is the hundreds digit of 481355?
3
What is the hundred thousands digit of 1005251?
0
What is the ten thousands digit of 67504?
6
What is the hundred thousands digit of 396081?
3
What is the hundred thousands digit of 23000169?
0
What is the thousands digit of 766334?
6
What is the hundreds digit of 1196803?
8
What is the hundred thousands digit of 19669495?
6
What is the ten thousands digit of 1288773?
8
What is the thousands digit of 216874?
6
What is the hundreds digit of 7267696?
6
What is the hundred thousands digit of 2173716?
1
What is the units digit of 882512?
2
What is the ten thousands digit of 4653755?
5
What is the millions digit of 2620910?
2
What is the units digit of 1106551?
1
What is the millions digit of 14413366?
4
What is the hundred thousands digit of 183758?
1
What is the tens digit of 88555?
5
What is the hundred thousands digit of 268023?
2
What is the tens digit of 186378?
7
What is the thousands digit of 40685?
0
What is the millions digit of 2759351?
2
What is the hundred thousands digit of 3792072?
7
What is the hundreds digit of 646480?
4
What is the millions digit of 7016155?
7
What is the hundred thousands digit of 745387?
7
What is the millions digit of 25543005?
5
What is the ten thousands digit of 346807?
4
What is the units digit of 529894?
4
What is the hundreds digit of 1675662?
6
What is the tens digit of 1851177?
7
What is the units digit of 7622044?
4
What is the units digit of 179780?
0
What is the units digit of 981216?
6
What is the ten millions digit of 15289438?
1
What is the tens digit of 86821?
2
What is the ten thousands digit of 2870991?
7
What is the units digit of 6630051?
1
What is the tens digit of 764259?
5
What is the units digit of 3052909?
9
What is the hundreds digit of 258414?
4
What is the units digit of 181760?
0
What is the units digit of 480582?
2
What is the ten thousands digit of 108324?
0
What is the units digit of 7959964?
4
What is the millions digit of 30485439?
0
What is the hundred thousands digit of 12054795?
0
What is the millions digit of 6465348?
6
What is the millions digit of 19063590?
9
What is the units digit of 16395882?
2
What is the ten thousands digit of 643252?
4
What is the tens digit of 385145?
4
What is the tens digit of 114592?
9
What is the thousands digit of 56286?
6
What is the hundreds digit of 302285?
2
What is the hundred thousands digit of 204644?
2
What is the hundred thousands digit of 628687?
6
What is the ten thousands digit of 789655?
8
What is the units digit of 169104?
4
What is the hundreds digit of 739559?
5
What is the hundred thousands digit of 1589454?
5
What is the units digit of 4319569?
9
What is the millions digit of 1670861?
1
What is the hundreds digit of 9668872?
8
What is the ten thousands digit of 204929?
0
What is the thousands digit of 1248796?
8
What is the ten millions digit of 26416693?
2
What is the millions digit of 1076822?
1
What is the hundreds digit of 64399?
3
What is the hundreds digit of 379112?
1
What is the units digit of 94473?
3
What is the tens digit of 140904?
0
What is the millions digit of 1340388?
1
What is the units digit of 63882?
2
What is the units digit of 14339817?
7
What is the tens digit of 807959?
5
What is the hundreds digit of 1217849?
8
What is the thousands digit of 596983?
6
What is the units digit of 64413?
3
What is the ten thousands digit of 948628?
4
What is the hundred thousands digit of 5785427?
7
What is the hundreds digit of 119994?
9
What is the hundreds digit of 298817?
8
What is the thousands digit of 4206535?
6
What is the thousands digit of 1311662?
1
What is the ten thousands digit of 9262142?
6
What is the thousands digit of 1453920?
3
What is the thousands digit of 282265?
2
What is the units digit of 142282?
2
What is the tens digit of 141198?
9
What is the millions digit of 16655405?
6
What is the units digit of 165326?
6
What is the ten thousands digit of 711332?
1
What is the thousands digit of 548770?
8
What is the units digit of 39726?
6
What is the thousands digit of 19885886?
5
What is the thousands digit of 379887?
9
What is the tens digit of 67623?
2
What is the ten thousands digit of 942754?
4
What is the ten thousands digit of 197801?
9
What is the ten millions digit of 36383712?
3
What is the tens digit of 133805?
0
What is the units digit of 2871520?
0
What is the units digit of 1424875?
5
What is the thousands digit of 16301020?
1
What is the ten thousands digit of 1907938?
0
What is the tens digit of 358732?
3
What is the tens digit of 4313388?
8
What is the tens digit of 658253?
5
What is the hundreds digit of 235559?
5
What is the millions digit of 1001523?
1
What is the thousands digit of 14284688?
4
What is the ten thousands digit of 78522?
7
What is the thousands digit of 572417?
2
What is the units digit of 14825206?
6
What is the units digit of 4502860?
0
What is the hun